{"id":1012,"date":"2018-10-23T20:25:26","date_gmt":"2018-10-23T18:25:26","guid":{"rendered":"https:\/\/www.geojrs.com\/?page_id=1012"},"modified":"2019-09-10T19:59:51","modified_gmt":"2019-09-10T17:59:51","slug":"dreilaenderech-de-at-cz","status":"publish","type":"page","link":"https:\/\/www.geojrs.com\/?page_id=1012","title":{"rendered":"DreiL\u00e4nderEck DE, AT, CZ"},"content":{"rendered":"<p>Dreil\u00e4ndereck Deutschland &#8211; Tschechien &#8211; \u00d6sterreich<\/p>\n<p>Bei diesem Dreil\u00e4ndereck handelt es sich um den geografischen Punkt, auf dem die drei Grenzen von Deutschland, Tschechien und \u00d6sterreich aufeinander treffen. Er befindet sich in der N\u00e4he des 1.363 m hohen Bayrischen Pl\u00f6ckensteins und des 1.333 hohen Dreisessels an der so genannten Dreiecksmark auf einem 1.320 m hoch gelegenen Sattel.<\/p>\n<p>Von 1965 bis 1989 war das Dreil\u00e4ndereck durch Stacheldraht getrenntes Grenzgebiet, das erst nach der \u00d6ffnung der Grenzen zu den osteurop\u00e4ischen Staaten wieder frei besucht werden konnte.<\/p>\nngg_shortcode_0_placeholder\n","protected":false},"excerpt":{"rendered":"<p>Dreil\u00e4ndereck Deutschland &#8211; Tschechien &#8211; \u00d6sterreich Bei diesem Dreil\u00e4ndereck handelt es sich um den geografischen Punkt, auf dem die drei Grenzen von Deutschland, Tschechien und \u00d6sterreich aufeinander treffen. Er befindet sich in der N\u00e4he des 1.363 m hohen Bayrischen Pl\u00f6ckensteins und des 1.333 hohen Dreisessels an der so genannten Dreiecksmark auf einem 1.320 m hoch &hellip; <a href=\"https:\/\/www.geojrs.com\/?page_id=1012\" class=\"more-link\"><span class=\"screen-reader-text\">DreiL\u00e4nderEck DE, AT, CZ<\/span> weiterlesen <span class=\"meta-nav\">&rarr;<\/span><\/a><\/p>\n","protected":false},"author":1,"featured_media":0,"parent":2038,"menu_order":0,"comment_status":"closed","ping_status":"closed","template":"page-templates\/full-width.php","meta":{"ngg_post_thumbnail":0,"footnotes":""},"class_list":["post-1012","page","type-page","status-publish","hentry"],"jetpack_sharing_enabled":true,"_links":{"self":[{"href":"https:\/\/www.geojrs.com\/index.php?rest_route=\/wp\/v2\/pages\/1012","targetHints":{"allow":["GET"]}}],"collection":[{"href":"https:\/\/www.geojrs.com\/index.php?rest_route=\/wp\/v2\/pages"}],"about":[{"href":"https:\/\/www.geojrs.com\/index.php?rest_route=\/wp\/v2\/types\/page"}],"author":[{"embeddable":true,"href":"https:\/\/www.geojrs.com\/index.php?rest_route=\/wp\/v2\/users\/1"}],"replies":[{"embeddable":true,"href":"https:\/\/www.geojrs.com\/index.php?rest_route=%2Fwp%2Fv2%2Fcomments&post=1012"}],"version-history":[{"count":6,"href":"https:\/\/www.geojrs.com\/index.php?rest_route=\/wp\/v2\/pages\/1012\/revisions"}],"predecessor-version":[{"id":1537,"href":"https:\/\/www.geojrs.com\/index.php?rest_route=\/wp\/v2\/pages\/1012\/revisions\/1537"}],"up":[{"embeddable":true,"href":"https:\/\/www.geojrs.com\/index.php?rest_route=\/wp\/v2\/pages\/2038"}],"wp:attachment":[{"href":"https:\/\/www.geojrs.com\/index.php?rest_route=%2Fwp%2Fv2%2Fmedia&parent=1012"}],"curies":[{"name":"wp","href":"https:\/\/api.w.org\/{rel}","templated":true}]}}