{"id":175,"date":"2018-10-13T15:02:52","date_gmt":"2018-10-13T15:02:52","guid":{"rendered":"http:\/\/geojrs.com\/?page_id=175"},"modified":"2020-08-10T20:45:46","modified_gmt":"2020-08-10T18:45:46","slug":"eigene-caches","status":"publish","type":"page","link":"https:\/\/www.geojrs.com\/?page_id=175","title":{"rendered":"LHU Caches"},"content":{"rendered":"<p>Demn\u00e4chst laden wir wieder zum Fr\u00fchst\u00fcck ein.<\/p>\n<p><a href=\"https:\/\/www.geojrs.com\/?page_id=179\">Events<\/a><\/p>\n<p><a href=\"https:\/\/www.geojrs.com\/?page_id=177\">Ative Tradis, Mysteries und Multis<\/a><\/p>\n","protected":false},"excerpt":{"rendered":"<p>Demn\u00e4chst laden wir wieder zum Fr\u00fchst\u00fcck ein. Events Ative Tradis, Mysteries und Multis<\/p>\n","protected":false},"author":1,"featured_media":0,"parent":0,"menu_order":0,"comment_status":"closed","ping_status":"closed","template":"page-templates\/full-width.php","meta":{"ngg_post_thumbnail":0,"footnotes":""},"class_list":["post-175","page","type-page","status-publish","hentry"],"jetpack_sharing_enabled":true,"_links":{"self":[{"href":"https:\/\/www.geojrs.com\/index.php?rest_route=\/wp\/v2\/pages\/175","targetHints":{"allow":["GET"]}}],"collection":[{"href":"https:\/\/www.geojrs.com\/index.php?rest_route=\/wp\/v2\/pages"}],"about":[{"href":"https:\/\/www.geojrs.com\/index.php?rest_route=\/wp\/v2\/types\/page"}],"author":[{"embeddable":true,"href":"https:\/\/www.geojrs.com\/index.php?rest_route=\/wp\/v2\/users\/1"}],"replies":[{"embeddable":true,"href":"https:\/\/www.geojrs.com\/index.php?rest_route=%2Fwp%2Fv2%2Fcomments&post=175"}],"version-history":[{"count":8,"href":"https:\/\/www.geojrs.com\/index.php?rest_route=\/wp\/v2\/pages\/175\/revisions"}],"predecessor-version":[{"id":2892,"href":"https:\/\/www.geojrs.com\/index.php?rest_route=\/wp\/v2\/pages\/175\/revisions\/2892"}],"wp:attachment":[{"href":"https:\/\/www.geojrs.com\/index.php?rest_route=%2Fwp%2Fv2%2Fmedia&parent=175"}],"curies":[{"name":"wp","href":"https:\/\/api.w.org\/{rel}","templated":true}]}}