{"id":2198,"date":"2019-10-20T14:48:16","date_gmt":"2019-10-20T12:48:16","guid":{"rendered":"https:\/\/www.geojrs.com\/?page_id=2198"},"modified":"2024-05-05T17:32:11","modified_gmt":"2024-05-05T15:32:11","slug":"von-feinschmeckern-fuer-feinschmecker","status":"publish","type":"page","link":"https:\/\/www.geojrs.com\/?page_id=2198","title":{"rendered":"Von Feinschmeckern F\u00fcr Feinschmecker"},"content":{"rendered":"\n<p>Wir kochen, grillen und smoken gern. Was wir auch noch gern tun &#8230; wir lassen uns gern regional, national und\/oder international verw\u00f6hnen. <\/p>\n\n\n\n<p>In dieser Rubrik findet Ihr unsere Vorschl\u00e4ge f\u00fcr Pl\u00e4tze mit gutem Essen in unserer N\u00e4he.<\/p>\n\n\n\n<iframe src=\"https:\/\/www.google.com\/maps\/embed?pb=!1m18!1m12!1m3!1d634.2638574991465!2d11.830751556758022!3d50.514535442928405!2m3!1f0!2f0!3f0!3m2!1i1024!2i768!4f13.1!3m3!1m2!1s0x47a138e00d1ffe4b%3A0x577a1180aeec7db3!2sLandgasthof%20und%20Pension%20Kanz%20-%20Sandy%20Jungmichel!5e0!3m2!1sde!2sde!4v1709232667600!5m2!1sde!2sde\" width=\"600\" height=\"450\" style=\"border:0;\" allowfullscreen=\"\" loading=\"lazy\" referrerpolicy=\"no-referrer-when-downgrade\"><\/iframe>\n\n\n\n<iframe src=\"https:\/\/www.google.com\/maps\/embed?pb=!1m18!1m12!1m3!1d634.2638574991465!2d11.830751556758022!3d50.514535442928405!2m3!1f0!2f0!3f0!3m2!1i1024!2i768!4f13.1!3m3!1m2!1s0x47a138e00d1ffe4b%3A0x577a1180aeec7db3!2sLandgasthof%20und%20Pension%20Kanz%20-%20Sandy%20Jungmichel!5e0!3m2!1sde!2sde!4v1709233239595!5m2!1sde!2sde\" width=\"600\" height=\"450\" style=\"border:0;\" allowfullscreen=\"\" loading=\"lazy\" referrerpolicy=\"no-referrer-when-downgrade\"><\/iframe>\n\n\n\n<iframe src=\"https:\/\/www.google.com\/maps\/embed?pb=!1m18!1m12!1m3!1d2539.460466463995!2d11.619439287489728!3d50.46977089835795!2m3!1f0!2f0!3f0!3m2!1i1024!2i768!4f13.1!3m3!1m2!1s0x47a142336bad1e41%3A0x861987bc5086d29!2zR2FzdHN0w6R0dGUgJiBQZW5zaW9uIFPDvMOfZW5ndXRo!5e0!3m2!1sde!2sde!4v1709233299148!5m2!1sde!2sde\" width=\"600\" height=\"450\" style=\"border:0;\" allowfullscreen=\"\" loading=\"lazy\" referrerpolicy=\"no-referrer-when-downgrade\"><\/iframe>\n\n\n\n<iframe src=\"https:\/\/www.google.com\/maps\/embed?pb=!1m18!1m12!1m3!1d2537.6424997156087!2d11.856869476254616!3d50.503611071602414!2m3!1f0!2f0!3f0!3m2!1i1024!2i768!4f13.1!3m3!1m2!1s0x47a139470687f191%3A0xace0d8d62574b91d!2sLandgasthof%20Strosche!5e0!3m2!1sde!2sde!4v1709233336016!5m2!1sde!2sde\" width=\"600\" height=\"450\" style=\"border:0;\" allowfullscreen=\"\" loading=\"lazy\" referrerpolicy=\"no-referrer-when-downgrade\"><\/iframe>\n\n\n\n<iframe src=\"https:\/\/www.google.com\/maps\/embed?pb=!1m18!1m12!1m3!1d2538.738687933505!2d11.544341976253273!3d50.48320827159845!2m3!1f0!2f0!3f0!3m2!1i1024!2i768!4f13.1!3m3!1m2!1s0x47a14336df92e473%3A0x884720629f3a66c8!2sGastst%C3%A4tte%20%26%20Pension%20%22Zum%20Sormitztal%22%20Fam.%20Schnappauf!5e0!3m2!1sde!2sde!4v1709233436935!5m2!1sde!2sde\" width=\"600\" height=\"450\" style=\"border:0;\" allowfullscreen=\"\" loading=\"lazy\" referrerpolicy=\"no-referrer-when-downgrade\"><\/iframe>\n\n\n\n<iframe src=\"https:\/\/www.google.com\/maps\/embed?pb=!1m18!1m12!1m3!1d20357.933921059874!2d11.817745033380799!3d50.37136997157719!2m3!1f0!2f0!3f0!3m2!1i1024!2i768!4f13.1!3m3!1m2!1s0x47a1167c70047bfb%3A0x321bf6f6802ec148!2sGasthof%20Krau%C3%9F%20Auenthalstube!5e0!3m2!1sde!2sde!4v1709233503706!5m2!1sde!2sde\" width=\"600\" height=\"450\" style=\"border:0;\" allowfullscreen=\"\" loading=\"lazy\" referrerpolicy=\"no-referrer-when-downgrade\"><\/iframe>\n\n\n\n<iframe src=\"https:\/\/www.google.com\/maps\/embed?pb=!1m18!1m12!1m3!1d2536.2790903620676!2d11.656505776256255!3d50.52897917160724!2m3!1f0!2f0!3f0!3m2!1i1024!2i768!4f13.1!3m3!1m2!1s0x47a14418fd8d7139%3A0xddd186466e2b7472!2sGasthof%20Zur%20Goldenen%20Sonne!5e0!3m2!1sde!2sde!4v1709233534225!5m2!1sde!2sde\" width=\"600\" height=\"450\" style=\"border:0;\" allowfullscreen=\"\" loading=\"lazy\" referrerpolicy=\"no-referrer-when-downgrade\"><\/iframe>\n\n\n\n<iframe src=\"https:\/\/www.google.com\/maps\/embed?pb=!1m18!1m12!1m3!1d2543.2219833026797!2d11.791060976247815!3d50.399700471582584!2m3!1f0!2f0!3f0!3m2!1i1024!2i768!4f13.1!3m3!1m2!1s0x47a1159ba5aef985%3A0x8f2e61814351ef7f!2sGasthaus%20%22Zur%20Hulda%22!5e0!3m2!1sde!2sde!4v1709233606173!5m2!1sde!2sde\" width=\"600\" height=\"450\" style=\"border:0;\" allowfullscreen=\"\" loading=\"lazy\" referrerpolicy=\"no-referrer-when-downgrade\"><\/iframe>\n\n\n\n<iframe src=\"https:\/\/www.google.com\/maps\/embed?pb=!1m18!1m12!1m3!1d5086.6682068994205!2d11.740392130728486!3d50.39761078336612!2m3!1f0!2f0!3f0!3m2!1i1024!2i768!4f13.1!3m3!1m2!1s0x47a115404e4f0d69%3A0xd8b6c7316417e6e9!2sGasthof%20zum%20Gupfen!5e0!3m2!1sde!2sde!4v1709233655199!5m2!1sde!2sde\" width=\"600\" height=\"450\" style=\"border:0;\" allowfullscreen=\"\" loading=\"lazy\" referrerpolicy=\"no-referrer-when-downgrade\"><\/iframe>\n\n\n\n<iframe src=\"https:\/\/www.google.com\/maps\/embed?pb=!1m18!1m12!1m3!1d1265.2448329843105!2d11.521925438902173!3d50.63659654290708!2m3!1f0!2f0!3f0!3m2!1i1024!2i768!4f13.1!3m3!1m2!1s0x47a14ed68425e4df%3A0x3c2e93a2dd17acfc!2sGastst%C3%A4tte%20Saaletalbaude%20Kalte%20Schenke!5e0!3m2!1sde!2sde!4v1709233699021!5m2!1sde!2sde\" width=\"600\" height=\"450\" style=\"border:0;\" allowfullscreen=\"\" loading=\"lazy\" referrerpolicy=\"no-referrer-when-downgrade\"><\/iframe>\n\n\n\n<iframe src=\"https:\/\/www.google.com\/maps\/embed?pb=!1m18!1m12!1m3!1d2536.2420247803957!2d11.266102687516376!3d50.529668698399206!2m3!1f0!2f0!3f0!3m2!1i1024!2i768!4f13.1!3m3!1m2!1s0x47a3e17521a36a95%3A0x3b8de4cfe68e7e18!2sHotel%20Gasthaus%20Steiger!5e0!3m2!1sde!2sde!4v1709487613870!5m2!1sde!2sde\" width=\"600\" height=\"450\" style=\"border:0;\" allowfullscreen=\"\" loading=\"lazy\" referrerpolicy=\"no-referrer-when-downgrade\"><\/iframe>\n","protected":false},"excerpt":{"rendered":"<p>Wir kochen, grillen und smoken gern. Was wir auch noch gern tun &#8230; wir lassen uns gern regional, national und\/oder international verw\u00f6hnen. In dieser Rubrik findet Ihr unsere Vorschl\u00e4ge f\u00fcr Pl\u00e4tze mit gutem Essen in unserer N\u00e4he.<\/p>\n","protected":false},"author":1,"featured_media":0,"parent":0,"menu_order":0,"comment_status":"closed","ping_status":"closed","template":"","meta":{"ngg_post_thumbnail":0,"footnotes":""},"class_list":["post-2198","page","type-page","status-publish","hentry"],"jetpack_sharing_enabled":true,"_links":{"self":[{"href":"https:\/\/www.geojrs.com\/index.php?rest_route=\/wp\/v2\/pages\/2198","targetHints":{"allow":["GET"]}}],"collection":[{"href":"https:\/\/www.geojrs.com\/index.php?rest_route=\/wp\/v2\/pages"}],"about":[{"href":"https:\/\/www.geojrs.com\/index.php?rest_route=\/wp\/v2\/types\/page"}],"author":[{"embeddable":true,"href":"https:\/\/www.geojrs.com\/index.php?rest_route=\/wp\/v2\/users\/1"}],"replies":[{"embeddable":true,"href":"https:\/\/www.geojrs.com\/index.php?rest_route=%2Fwp%2Fv2%2Fcomments&post=2198"}],"version-history":[{"count":6,"href":"https:\/\/www.geojrs.com\/index.php?rest_route=\/wp\/v2\/pages\/2198\/revisions"}],"predecessor-version":[{"id":3786,"href":"https:\/\/www.geojrs.com\/index.php?rest_route=\/wp\/v2\/pages\/2198\/revisions\/3786"}],"wp:attachment":[{"href":"https:\/\/www.geojrs.com\/index.php?rest_route=%2Fwp%2Fv2%2Fmedia&parent=2198"}],"curies":[{"name":"wp","href":"https:\/\/api.w.org\/{rel}","templated":true}]}}