{"id":2863,"date":"2020-07-16T21:02:43","date_gmt":"2020-07-16T19:02:43","guid":{"rendered":"https:\/\/www.geojrs.com\/?page_id=2863"},"modified":"2020-07-16T21:02:43","modified_gmt":"2020-07-16T19:02:43","slug":"saalebaenk-hirschberg","status":"publish","type":"page","link":"https:\/\/www.geojrs.com\/?page_id=2863","title":{"rendered":"Saaleb\u00e4nk (Hirschberg)"},"content":{"rendered":"\n<p>Auf dem Kammweg Etappe 17 &#8222;Von Hirschberg nach Blankenstein&#8220; gibt es Einiges zu sehen.<\/p>\n\n\n\n<p>In Hirschberg findet man die Saaleb\u00e4nk. Vorbei an der Wenzelsh\u00f6hle, \u00fcber den H\u00e4ngesteg erreicht man nach einer kurzen Wanderung die Saaleb\u00e4nk.<\/p>\n\n\n\n<p>Die im Guinnessbuch der Rekorde verzeichnete Saalebank ist 30,125 m lang und bietet 97 Personen Platz.<\/p>\n\n\n\nngg_shortcode_0_placeholder\n","protected":false},"excerpt":{"rendered":"<p>Auf dem Kammweg Etappe 17 &#8222;Von Hirschberg nach Blankenstein&#8220; gibt es Einiges zu sehen. In Hirschberg findet man die Saaleb\u00e4nk. Vorbei an der Wenzelsh\u00f6hle, \u00fcber den H\u00e4ngesteg erreicht man nach einer kurzen Wanderung die Saaleb\u00e4nk. Die im Guinnessbuch der Rekorde verzeichnete Saalebank ist 30,125 m lang und bietet 97 Personen Platz.<\/p>\n","protected":false},"author":1,"featured_media":0,"parent":2038,"menu_order":0,"comment_status":"closed","ping_status":"closed","template":"","meta":{"ngg_post_thumbnail":0,"footnotes":""},"class_list":["post-2863","page","type-page","status-publish","hentry"],"jetpack_sharing_enabled":true,"_links":{"self":[{"href":"https:\/\/www.geojrs.com\/index.php?rest_route=\/wp\/v2\/pages\/2863","targetHints":{"allow":["GET"]}}],"collection":[{"href":"https:\/\/www.geojrs.com\/index.php?rest_route=\/wp\/v2\/pages"}],"about":[{"href":"https:\/\/www.geojrs.com\/index.php?rest_route=\/wp\/v2\/types\/page"}],"author":[{"embeddable":true,"href":"https:\/\/www.geojrs.com\/index.php?rest_route=\/wp\/v2\/users\/1"}],"replies":[{"embeddable":true,"href":"https:\/\/www.geojrs.com\/index.php?rest_route=%2Fwp%2Fv2%2Fcomments&post=2863"}],"version-history":[{"count":1,"href":"https:\/\/www.geojrs.com\/index.php?rest_route=\/wp\/v2\/pages\/2863\/revisions"}],"predecessor-version":[{"id":2870,"href":"https:\/\/www.geojrs.com\/index.php?rest_route=\/wp\/v2\/pages\/2863\/revisions\/2870"}],"up":[{"embeddable":true,"href":"https:\/\/www.geojrs.com\/index.php?rest_route=\/wp\/v2\/pages\/2038"}],"wp:attachment":[{"href":"https:\/\/www.geojrs.com\/index.php?rest_route=%2Fwp%2Fv2%2Fmedia&parent=2863"}],"curies":[{"name":"wp","href":"https:\/\/api.w.org\/{rel}","templated":true}]}}