{"id":356,"date":"2018-10-17T19:11:21","date_gmt":"2018-10-17T19:11:21","guid":{"rendered":"http:\/\/geojrs.com\/?page_id=356"},"modified":"2020-05-14T21:50:50","modified_gmt":"2020-05-14T19:50:50","slug":"fav-100","status":"publish","type":"page","link":"https:\/\/www.geojrs.com\/?page_id=356","title":{"rendered":"FAV 500+"},"content":{"rendered":"<p><strong>United Kingdom:<\/strong><\/p>\n<p><a href=\"https:\/\/coord.info\/GC67TGG\" target=\"_blank\" rel=\"noopener noreferrer\">GC67TGG Snicklemaze<\/a><\/p>\n<p><a href=\"https:\/\/coord.info\/GC3PKFQ\" target=\"_blank\" rel=\"noopener noreferrer\">GC3PKFQ Arghh!! My Shoe Laces Are Undone Again!!!<\/a><\/p>\n<p><a href=\"https:\/\/coord.info\/GC5A7DW\" target=\"_blank\" rel=\"noopener noreferrer\">GC5A7DW Trafalgar Square<\/a><\/p>\n<p><strong>Th\u00fcringen:<\/strong><\/p>\n<p><a href=\"https:\/\/coord.info\/GC3AX30\" target=\"_blank\" rel=\"noopener noreferrer\">GC3AX30 Kr\u00e4merbr\u00fccke<\/a><\/p>\n<p><strong>Berlin:<\/strong><\/p>\n<p><a href=\"https:\/\/coord.info\/GC37RRG\" target=\"_blank\" rel=\"noopener noreferrer\">GC37RRG Der Telespargel<\/a><\/p>\n<p><a href=\"https:\/\/coord.info\/GC2Y7RV\" target=\"_blank\" rel=\"noopener noreferrer\">GC2Y7RV Touristic-Spot: Hackesche H\u00f6fe<\/a><\/p>\n<p><a href=\"https:\/\/coord.info\/GC13Y2Y\" target=\"_blank\" rel=\"noopener noreferrer\">GC13Y2Y Lego &#8211; einer ist zuviel<\/a><\/p>\n<p><a href=\"https:\/\/coord.info\/GC4MJK0\" target=\"_blank\" rel=\"noopener noreferrer\">GC4MJK0 Checkpoint Charlie<\/a><\/p>\n<p><a href=\"https:\/\/coord.info\/GC9A6E\" target=\"_blank\" rel=\"noopener noreferrer\">GC9A6E Historic Words<\/a> 1. Virtual der Welt<\/p>\n<p><a href=\"https:\/\/coord.info\/GC5552H\" target=\"_blank\" rel=\"noopener noreferrer\">GC5552H Eiffel Power<\/a><\/p>\n<p><strong>Mecklenburg Vorpommern:<\/strong><\/p>\n<p><a href=\"https:\/\/coord.info\/GC2P6MK\" target=\"_blank\" rel=\"noopener noreferrer\">GC2P6MK TB-Hotel &#8222;Am Strom&#8220; *****<\/a><\/p>\n<p><a href=\"https:\/\/coord.info\/GC444EH\" target=\"_blank\" rel=\"noopener noreferrer\">GC444EH Prora 2013 &#8211; Die zwei Hasen vom Grill<\/a><\/p>\n<p><a href=\"https:\/\/coord.info\/GCFEB7\" target=\"_blank\" rel=\"noopener noreferrer\">GCFEB7 Warnemuende Virtual<\/a><\/p>\n<p><strong>Bayern:<br \/>\n<\/strong><\/p>\n<p><a href=\"https:\/\/coord.info\/GC5NZ8J\" target=\"_blank\" rel=\"noopener noreferrer\">GC5NZ8J Meerholung &#8211; Beachclub an der A72<\/a><\/p>\n<p><a href=\"https:\/\/coord.info\/GC59KQN\" target=\"_blank\" rel=\"noopener noreferrer\">GC59KQN TB Coin Hotel Truckers Paradise<\/a><\/p>\n<p><a href=\"https:\/\/coord.info\/GC1DR31\" target=\"_blank\" rel=\"noopener noreferrer\">GC1DR31 Song for Adele<\/a><\/p>\n<p><a href=\"https:\/\/coord.info\/GC3QG7X\" target=\"_blank\" rel=\"noopener noreferrer\">GC3QG7X TB \/ GC Hotel Herrieden *****<\/a><\/p>\n<p><strong>Baden W\u00fcrttemberg<\/strong><\/p>\n<p><a href=\"https:\/\/coord.info\/GC48RTT\" target=\"_blank\" rel=\"noopener noreferrer\">GC48RTT Wanderprofis TB-B\u00e4nkle<\/a><\/p>\n<p><a href=\"https:\/\/coord.info\/GC1JP6C\" target=\"_blank\" rel=\"noopener noreferrer\">GC1JP6C Traffic Counter \/ GPS-Referenzpunkt Stuttgart<\/a><\/p>\n<p><strong>Hessen:<\/strong><\/p>\n<p><a href=\"https:\/\/www.geocaching.com\/geocache\/GC1JAJK_der-romer\" target=\"_blank\" rel=\"noopener noreferrer\">GC1JAJK Der R\u00f6mer<\/a><\/p>\n<p><a href=\"https:\/\/www.geocaching.com\/geocache\/GC7R8DX_welt-der-bruder-grimm\" target=\"_blank\" rel=\"noopener noreferrer\">GC7R8DX_welt-der-bruder-grimm<\/a><\/p>\n<p><a href=\"https:\/\/coord.info\/GC3VH6H\" target=\"_blank\" rel=\"noopener noreferrer\">GC3VH6H TB Grand Hotel Idstein<\/a><\/p>\n<p><a href=\"https:\/\/coord.info\/GC3EM0W\" target=\"_blank\" rel=\"noopener noreferrer\">GC3EM0W LIMBURGER SCHLEUSE &#8211; NANO 5.0<\/a><\/p>\n<p><strong>Rheinland-Pfalz:<\/strong><\/p>\n<p><a href=\"https:\/\/coord.info\/GC55FMY\" target=\"_blank\" rel=\"noopener noreferrer\">GC55FMY In Memorandum &#8211; Project Eck<\/a><\/p>\n<p><strong>Nordrhein-Westfalen:<\/strong><\/p>\n<p><a href=\"https:\/\/coord.info\/GC4RM12\" target=\"_blank\" rel=\"noopener noreferrer\">G<\/a><a href=\"https:\/\/coord.info\/GC4RM12\" target=\"_blank\" rel=\"noopener noreferrer\">C4RM12 TB-Hotel &#8211; Haus der Helfer &#8211; Willertshagen<\/a><\/p>\n<p><a href=\"https:\/\/coord.info\/GC5KG4Q\" target=\"_blank\" rel=\"noopener noreferrer\">GC5KG4Q Ringpromenade<\/a><\/p>\n<p><strong>Niedersachsen:<\/strong><\/p>\n<p><a href=\"https:\/\/www.geocaching.com\/geocache\/GC59RHM_such-das-stockchen-a7\" target=\"_blank\" rel=\"noopener noreferrer\">GC59RHM Such das St\u00f6ckchen A7<\/a><\/p>\n<p><a href=\"https:\/\/www.geocaching.com\/geocache\/GC1A11C_cacheo-mat\" target=\"_blank\" rel=\"noopener noreferrer\">GC1A11C Cache\u00b4o Mat<\/a><\/p>\n<p><a href=\"https:\/\/coord.info\/GC389RZ\" target=\"_blank\" rel=\"noopener noreferrer\">GC389RZ &#8222;N&#8220; wie Stickstoff<\/a><\/p>\n<p><a href=\"https:\/\/coord.info\/GC40HBN\" target=\"_blank\" rel=\"noopener noreferrer\">GC40HBN Angry Birds<\/a><\/p>\n<p><a href=\"https:\/\/coord.info\/GC2YRG0\" target=\"_blank\" rel=\"noopener noreferrer\">GC2YRG0 TB-Grand Hotel &#8222;Fort KnoX&#8220; with DriveIn<\/a><\/p>\n<p><a href=\"https:\/\/coord.info\/GC75RQ7\" target=\"_blank\" rel=\"noopener noreferrer\">GC75RQ7 TB Hotel The Walking Dead <\/a><\/p>\n<p><a href=\"https:\/\/coord.info\/GC4FKT9\" target=\"_blank\" rel=\"noopener noreferrer\">GC4FKT9 TB &#8211; Hotel Deichblick <\/a><\/p>\n<p><strong>Sachsen:<br \/>\n<\/strong><\/p>\n<p><a href=\"https:\/\/coord.info\/GC4F10B\" target=\"_blank\" rel=\"noopener noreferrer\">GC4F10B Nicht, nur oder noch???<\/a><\/p>\n<p><strong>Sachsen-Anhalt:<\/strong><\/p>\n<p><a href=\"https:\/\/coord.info\/GC3W4VJ\" target=\"_blank\" rel=\"noopener noreferrer\">GC3W4VJ TB Hotel Halle-Tornau<\/a><\/p>\n<p><a href=\"https:\/\/www.geocaching.com\/geocache\/GCKRNT_1-brockencam\">GCKRNT 1. Brocken*Cam*<\/a><\/p>\n<p><strong>Hessen:<\/strong><\/p>\n<p><a href=\"https:\/\/www.geocaching.com\/geocache\/GC53WQV_daniel-dusentriebs-pausenspass-a5\" target=\"_blank\" rel=\"noopener noreferrer\">GC53WQV Daniel D\u00fcsentriebs Pausenspass (A5)<\/a><\/p>\n<p>Saarland:<\/p>\n<p><a href=\"https:\/\/www.geocaching.com\/geocache\/GC6666D_maije-an-der-letterbox\">GC6666D Maije an der Letterbox<\/a><\/p>\n<p>&nbsp;<\/p>\n<p>&nbsp;<\/p>\n<p>&nbsp;<\/p>\n<p>&nbsp;<\/p>\n<p>&nbsp;<\/p>\n","protected":false},"excerpt":{"rendered":"<p>United Kingdom: GC67TGG Snicklemaze GC3PKFQ Arghh!! My Shoe Laces Are Undone Again!!! GC5A7DW Trafalgar Square Th\u00fcringen: GC3AX30 Kr\u00e4merbr\u00fccke Berlin: GC37RRG Der Telespargel GC2Y7RV Touristic-Spot: Hackesche H\u00f6fe GC13Y2Y Lego &#8211; einer ist zuviel GC4MJK0 Checkpoint Charlie GC9A6E Historic Words 1. Virtual der Welt GC5552H Eiffel Power Mecklenburg Vorpommern: GC2P6MK TB-Hotel &#8222;Am Strom&#8220; ***** GC444EH Prora 2013 &hellip; <a href=\"https:\/\/www.geojrs.com\/?page_id=356\" class=\"more-link\"><span class=\"screen-reader-text\">FAV 500+<\/span> weiterlesen <span class=\"meta-nav\">&rarr;<\/span><\/a><\/p>\n","protected":false},"author":1,"featured_media":0,"parent":386,"menu_order":0,"comment_status":"closed","ping_status":"closed","template":"page-templates\/full-width.php","meta":{"ngg_post_thumbnail":0,"footnotes":""},"class_list":["post-356","page","type-page","status-publish","hentry"],"jetpack_sharing_enabled":true,"_links":{"self":[{"href":"https:\/\/www.geojrs.com\/index.php?rest_route=\/wp\/v2\/pages\/356","targetHints":{"allow":["GET"]}}],"collection":[{"href":"https:\/\/www.geojrs.com\/index.php?rest_route=\/wp\/v2\/pages"}],"about":[{"href":"https:\/\/www.geojrs.com\/index.php?rest_route=\/wp\/v2\/types\/page"}],"author":[{"embeddable":true,"href":"https:\/\/www.geojrs.com\/index.php?rest_route=\/wp\/v2\/users\/1"}],"replies":[{"embeddable":true,"href":"https:\/\/www.geojrs.com\/index.php?rest_route=%2Fwp%2Fv2%2Fcomments&post=356"}],"version-history":[{"count":36,"href":"https:\/\/www.geojrs.com\/index.php?rest_route=\/wp\/v2\/pages\/356\/revisions"}],"predecessor-version":[{"id":2568,"href":"https:\/\/www.geojrs.com\/index.php?rest_route=\/wp\/v2\/pages\/356\/revisions\/2568"}],"up":[{"embeddable":true,"href":"https:\/\/www.geojrs.com\/index.php?rest_route=\/wp\/v2\/pages\/386"}],"wp:attachment":[{"href":"https:\/\/www.geojrs.com\/index.php?rest_route=%2Fwp%2Fv2%2Fmedia&parent=356"}],"curies":[{"name":"wp","href":"https:\/\/api.w.org\/{rel}","templated":true}]}}